 is the hundreds digit of 1143?
1
What is the units digit of 3939?
9
What is the hundreds digit of 140261?
2
What is the thousands digit of 2564?
2
What is the tens digit of 4491?
9
What is the units digit of 294?
4
What is the ten thousands digit of 10364?
1
What is the thousands digit of 3234?
3
What is the tens digit of 443?
4
What is the hundreds digit of 225?
2
What is the units digit of 1260?
0
What is the tens digit of 15729?
2
What is the hundreds digit of 1749?
7
What is the thousands digit of 36646?
6
What is the tens digit of 752?
5
What is the thousands digit of 2636?
2
What is the ten thousands digit of 45075?
4
What is the tens digit of 1922?
2
What is the hundreds digit of 1686?
6
What is the tens digit of 3569?
6
What is the tens digit of 2772?
7
What is the hundreds digit of 7214?
2
What is the thousands digit of 2891?
2
What is the tens digit of 7322?
2
What is the units digit of 28251?
1
What is the hundreds digit of 1117?
1
What is the hundreds digit of 918?
9
What is the hundreds digit of 67769?
7
What is the tens digit of 31?
3
What is the units digit of 353?
3
What is the ten thousands digit of 35553?
3
What is the units digit of 1096?
6
What is the ten thousands digit of 29648?
2
What is the units digit of 6764?
4
What is the tens digit of 332?
3
What is the hundreds digit of 6408?
4
What is the thousands digit of 1022?
1
What is the units digit of 3855?
5
What is the units digit of 1274?
4
What is the tens digit of 1034?
3
What is the thousands digit of 68904?
8
What is the thousands digit of 24988?
4
What is the units digit of 43154?
4
What is the hundreds digit of 8518?
5
What is the units digit of 9734?
4
What is the tens digit of 2200?
0
What is the tens digit of 1157?
5
What is the tens digit of 68238?
3
What is the units digit of 39828?
8
What is the units digit of 9731?
1
What is the hundreds digit of 1587?
5
What is the thousands digit of 54499?
4
What is the tens digit of 51?
5
What is the thousands digit of 7421?
7
What is the hundreds digit of 516?
5
What is the tens digit of 8681?
8
What is the hundreds digit of 3097?
0
What is the units digit of 8624?
4
What is the hundreds digit of 1522?
5
What is the units digit of 6144?
4
What is the units digit of 61208?
8
What is the units digit of 670?
0
What is the hundreds digit of 3044?
0
What is the tens digit of 4027?
2
What is the ten thousands digit of 13384?
1
What is the tens digit of 6528?
2
What is the units digit of 2016?
6
What is the thousands digit of 5675?
5
What is the ten thousands digit of 37477?
3
What is the hundreds digit of 8364?
3
What is the units digit of 8168?
8
What is the units digit of 1925?
5
What is the tens digit of 11634?
3
What is the tens digit of 24179?
7
What is the units digit of 1091?
1
What is the ten thousands digit of 32474?
3
What is the ten thousands digit of 102750?
0
What is the hundreds digit of 2827?
8
What is the ten thousands digit of 46796?
4
What is the hundreds digit of 452?
4
What is the tens digit of 70994?
9
What is the tens digit of 191?
9
What is the tens digit of 1149?
4
What is the hundreds digit of 4376?
3
What is the tens digit of 1877?
7
What is the tens digit of 180067?
6
What is the thousands digit of 1847?
1
What is the hundreds digit of 2045?
0
What is the tens digit of 2363?
6
What is the thousands digit of 8070?
8
What is the hundreds digit of 552?
5
What is the hundreds digit of 18459?
4
What is the units digit of 852?
2
What is the hundreds digit of 6371?
3
What is the thousands digit of 1074?
1
What is the thousands digit of 6937?
6
What is the units digit of 12427?
7
What is the tens digit of 2163?
6
What is the tens digit of 1279?
7
What is the tens digit of 12653?
5
What is the hundreds digit of 3876?
8
What is the hundreds digit of 1097?
0
What is the thousands digit of 1567?
1
What is the units digit of 23483?
3
What is the hundreds digit of 43867?
8
What is the units digit of 433?
3
What is the units digit of 151239?
9
What is the thousands digit of 73504?
3
What is the units digit of 22108?
8
What is the ten thousands digit of 39580?
3
What is the tens digit of 5684?
8
What is the hundreds digit of 1114?
1
What is the tens digit of 343?
4
What is the hundreds digit of 12568?
5
What is the ten thousands digit of 64122?
6
What is the hundreds digit of 6232?
2
What is the tens digit of 8787?
8
What is the thousands digit of 136856?
6
What is the thousands digit of 43804?
3
What is the tens digit of 6357?
5
What is the tens digit of 446?
4
What is the tens digit of 4391?
9
What is the thousands digit of 2041?
2
What is the thousands digit of 14823?
4
What is the tens digit of 512?
1
What is the thousands digit of 1201?
1
What is the hundreds digit of 3211?
2
What is the thousands digit of 8334?
8
What is the hundreds digit of 8256?
2
What is the hundreds digit of 23564?
5
What is the thousands digit of 20351?
0
What is the tens digit of 838?
3
What is the ten thousands digit of 34739?
3
What is the hundred thousands digit of 106745?
1
What is the thousands digit of 9010?
9
What is the tens digit of 226?
2
What is the ten thousands digit of 18916?
1
What is the ten thousands digit of 14320?
1
What is the hundreds digit of 3749?
7
What is the tens digit of 14950?
5
What is the hundreds digit of 18084?
0
What is the hundreds digit of 929?
9
What is the hundreds digit of 65315?
3
What is the thousands digit of 3878?
3
What is the tens digit of 18922?
2
What is the hundreds digit of 32973?
9
What is the tens digit of 4032?
3
What is the thousands digit of 17470?
7
What is the units digit of 5685?
5
What is the thousands digit of 37558?
7
What is the units digit of 1173?
3
What is the tens digit of 9857?
5
What is the hundreds digit of 77748?
7
What is the ten thousands digit of 29230?
2
What is the units digit of 506?
6
What is the tens digit of 4110?
1
What is the units digit of 1841?
1
What is the units digit of 467?
7
What is the hundred thousands digit of 159654?
1
What is the tens digit of 6196?
9
What is the tens digit of 688?
8
What is the tens digit of 23753?
5
What is the thousands digit of 1529?
1
What is the ten thousands digit of 59342?
5
What is the tens digit of 129?
2
What is the hundreds digit of 30724?
7
What is the hundreds digit of 3179?
1
What is the units digit of 69406?
6
What is the tens digit of 745?
4
What is the thousands digit of 8000?
8
What is the units digit of 15339?
9
What is the thousands digit of 9377?
9
What is the hundreds digit of 130?
1
What is the thousands digit of 1987?
1
What is the units digit of 10032?
2
What is the hundreds digit of 229?
2
What is the hundreds digit of 640?
6
What is the thousands digit of 1536?
1
What is the units digit of 3594?
4
What is the units digit of 30645?
5
What is the units digit of 16146?
6
What is the units digit of 1795?
5
What is the thousands digit of 12440?
2
What is the units digit of 1372?
2
What is the thousands digit of 3609?
3
What is the thousands digit of 4768?
4
What is the units digit of 1856?
6
What is the units digit of 3734?
4
What is the hundreds digit of 9205?
2
What is the tens digit of 20726?
2
What is the thousands digit of 9393?
9
What is the tens digit of 1463?
6
What is the hundreds digit of 14515?
5
What is the hundreds digit of 24898?
8
What is the thousands digit of 3480?
3
What is the tens digit of 12318?
1
What is the hundreds digit of 5755?
7
What is the tens digit of 41070?
7
What is the hundreds digit of 81223?
2
What is the hundreds digit of 31295?
2
What is the ten thousands digit of 42258?
4
What is the hundreds digit of 2878?
8
What is the hundreds digit of 5176?
1
What is the tens digit of 47142?
4
What is the tens digit of 183?
8
What is the hundreds digit of 104984?
9
What is the thousands digit of 1124?
1
What is the hundreds digit of 654?
6
What is the hundred thousands digit of 139195?
1
What is the ten thousands digit of 13220?
1
What is the hundreds digit of 37786?
7
What is the units digit of 2879?
9
What is the hundreds digit of 7537?
5
What is the hundreds digit of 690?
6
What is the hundreds digit of 1826?
8
What is the units digit of 552?
2
What is the ten thousands digit of 89168?
8
What is the units digit of 1256?
6
What is the units digit of 765?
5
What is the ten tho